{"id":555,"date":"2023-03-17T15:07:27","date_gmt":"2023-03-17T15:07:27","guid":{"rendered":"https:\/\/monicaesteticaavanzadayspa.es\/?page_id=555"},"modified":"2025-03-05T17:53:15","modified_gmt":"2025-03-05T17:53:15","slug":"bonos","status":"publish","type":"page","link":"https:\/\/monicaesteticaavanzada.es\/index.php\/bonos\/","title":{"rendered":"BONOS"},"content":{"rendered":"\n<p>Contamos con gran variedad de tratamientos y aparatolog\u00eda, para as\u00ed poder brindar el servicio que m\u00e1s se asemeje a la necesidad del cliente.<\/p>\n\n\n\n<div class=\"wp-block-buttons is-layout-flex wp-block-buttons-is-layout-flex\"><\/div>\n\n\n\n<div style=\"height:100px\" aria-hidden=\"true\" class=\"wp-block-spacer\"><\/div>\n\n\n\n<div class=\"wp-block-media-text alignwide is-stacked-on-mobile\" style=\"grid-template-columns:29% auto\"><figure class=\"wp-block-media-text__media\"><img loading=\"lazy\" decoding=\"async\" width=\"1024\" height=\"1024\" src=\"https:\/\/monicaesteticaavanzada.es\/wp-content\/uploads\/2023\/03\/Copia-de-Post-Instagram-Nueva-Temporada-Imagen-Verde-1024x1024.png\" alt=\"\" class=\"wp-image-576 size-full\" srcset=\"https:\/\/monicaesteticaavanzada.es\/wp-content\/uploads\/2023\/03\/Copia-de-Post-Instagram-Nueva-Temporada-Imagen-Verde-1024x1024.png 1024w, https:\/\/monicaesteticaavanzada.es\/wp-content\/uploads\/2023\/03\/Copia-de-Post-Instagram-Nueva-Temporada-Imagen-Verde-300x300.png 300w, https:\/\/monicaesteticaavanzada.es\/wp-content\/uploads\/2023\/03\/Copia-de-Post-Instagram-Nueva-Temporada-Imagen-Verde-150x150.png 150w, https:\/\/monicaesteticaavanzada.es\/wp-content\/uploads\/2023\/03\/Copia-de-Post-Instagram-Nueva-Temporada-Imagen-Verde-768x768.png 768w, https:\/\/monicaesteticaavanzada.es\/wp-content\/uploads\/2023\/03\/Copia-de-Post-Instagram-Nueva-Temporada-Imagen-Verde.png 1080w\" sizes=\"auto, (max-width: 1024px) 100vw, 1024px\" \/><\/figure><div class=\"wp-block-media-text__content\">\n<p><strong>BONOS CORPORALES<\/strong><\/p>\n\n\n\n<p>Reductores<\/p>\n\n\n\n<p>Reafirmantes<\/p>\n\n\n\n<p>Anticelul\u00edticos<\/p>\n<\/div><\/div>\n\n\n\n<div style=\"height:100px\" aria-hidden=\"true\" class=\"wp-block-spacer\"><\/div>\n\n\n\n<div class=\"wp-block-media-text alignwide is-stacked-on-mobile\" style=\"grid-template-columns:29% auto\"><figure class=\"wp-block-media-text__media\"><img loading=\"lazy\" decoding=\"async\" width=\"1024\" height=\"1024\" src=\"https:\/\/monicaesteticaavanzada.es\/wp-content\/uploads\/2023\/03\/Copia-de-Post-Instagram-Nueva-Temporada-Imagen-Verde-1-1024x1024.png\" alt=\"\" class=\"wp-image-577 size-full\" srcset=\"https:\/\/monicaesteticaavanzada.es\/wp-content\/uploads\/2023\/03\/Copia-de-Post-Instagram-Nueva-Temporada-Imagen-Verde-1-1024x1024.png 1024w, https:\/\/monicaesteticaavanzada.es\/wp-content\/uploads\/2023\/03\/Copia-de-Post-Instagram-Nueva-Temporada-Imagen-Verde-1-300x300.png 300w, https:\/\/monicaesteticaavanzada.es\/wp-content\/uploads\/2023\/03\/Copia-de-Post-Instagram-Nueva-Temporada-Imagen-Verde-1-150x150.png 150w, https:\/\/monicaesteticaavanzada.es\/wp-content\/uploads\/2023\/03\/Copia-de-Post-Instagram-Nueva-Temporada-Imagen-Verde-1-768x768.png 768w, https:\/\/monicaesteticaavanzada.es\/wp-content\/uploads\/2023\/03\/Copia-de-Post-Instagram-Nueva-Temporada-Imagen-Verde-1.png 1080w\" sizes=\"auto, (max-width: 1024px) 100vw, 1024px\" \/><\/figure><div class=\"wp-block-media-text__content\">\n<p><strong>BONOS<\/strong> <strong>FACIALES<\/strong><\/p>\n\n\n\n<p>Tratamiento para acn\u00e9<\/p>\n\n\n\n<p>Tratamiento despigmentante<\/p>\n\n\n\n<p>Tratamiento rejuvenecedor<\/p>\n<\/div><\/div>\n\n\n\n<div style=\"height:100px\" aria-hidden=\"true\" class=\"wp-block-spacer\"><\/div>\n\n\n\n<div class=\"wp-block-buttons is-layout-flex wp-block-buttons-is-layout-flex\"><\/div>\n","protected":false},"excerpt":{"rendered":"<p>Contamos con gran variedad de tratamientos y aparatolog\u00eda, para as\u00ed poder brindar el servicio que m\u00e1s se asemeje a la necesidad del cliente. BONOS CORPORALES Reductores Reafirmantes Anticelul\u00edticos BONOS FACIALES Tratamiento para acn\u00e9 Tratamiento despigmentante Tratamiento rejuvenecedor<\/p>\n","protected":false},"author":1,"featured_media":0,"parent":0,"menu_order":0,"comment_status":"closed","ping_status":"closed","template":"","meta":{"footnotes":""},"class_list":["post-555","page","type-page","status-publish","hentry"],"_links":{"self":[{"href":"https:\/\/monicaesteticaavanzada.es\/index.php\/wp-json\/wp\/v2\/pages\/555","targetHints":{"allow":["GET"]}}],"collection":[{"href":"https:\/\/monicaesteticaavanzada.es\/index.php\/wp-json\/wp\/v2\/pages"}],"about":[{"href":"https:\/\/monicaesteticaavanzada.es\/index.php\/wp-json\/wp\/v2\/types\/page"}],"author":[{"embeddable":true,"href":"https:\/\/monicaesteticaavanzada.es\/index.php\/wp-json\/wp\/v2\/users\/1"}],"replies":[{"embeddable":true,"href":"https:\/\/monicaesteticaavanzada.es\/index.php\/wp-json\/wp\/v2\/comments?post=555"}],"version-history":[{"count":8,"href":"https:\/\/monicaesteticaavanzada.es\/index.php\/wp-json\/wp\/v2\/pages\/555\/revisions"}],"predecessor-version":[{"id":708,"href":"https:\/\/monicaesteticaavanzada.es\/index.php\/wp-json\/wp\/v2\/pages\/555\/revisions\/708"}],"wp:attachment":[{"href":"https:\/\/monicaesteticaavanzada.es\/index.php\/wp-json\/wp\/v2\/media?parent=555"}],"curies":[{"name":"wp","href":"https:\/\/api.w.org\/{rel}","templated":true}]}}